is 8 - (-38 + (-19 + 13 + -4 - (-2 - -1)))?
55
What is the value of (2 - -11) + (-17 - 4) + 15 + -10?
-3
What is 4729 - 4756 - (1 + 29 + -2)?
-55
Calculate 63 - (-2 + -15 - 16 - -13).
83
Calculate 2 + 90 + (-6 + -10 - (7 + -22 + 8)).
83
What is the value of 34 + (-3 + 9 - 21) + (12 - 4)?
27
What is (-25 - -9 - (-1 + -14)) + (-5 - 1) + -25?
-32
Evaluate -3 + 6 + -8 + (38 - (-5 - (-2 - 14))).
22
What is -32 + -28 + 63 + (1 - -69) - (-4 - 0)?
77
Calculate 22 - (36 + -8 + 7).
-13
Calculate (34 - 3) + (112 - 178).
-35
Calculate 57 - (24 + (20 - -22)).
-9
What is 47 + (-115 - -113 - -57)?
102
What is the value of (5 + -112 - -33 - -150) + -1 + 18?
93
14 - (-45 + 173 + -210)
96
What is the value of (-21 + 1 + 3 - 3) + 2 + (1 - -4)?
-13
Evaluate (27 - 91) + 108 - 150.
-106
(153 - 162 - (-2 - 17)) + 14
24
What is the value of (-18 - -52) + -55 + (-1 - 2)?
-24
Calculate (2 - -13) + (30 - (20 - 15)) + -10.
30
What is the value of (-9 - (-19 + (11 - 5))) + -59 + -3?
-58
Calculate (144 + -111 - (-1 + 93)) + -21.
-80
Calculate (-31 + 40 - -46) + (-2 - -3 - (-7 + 2)).
61
Evaluate (-46 + 19 - -34) + -2 + 2 - -33.
40
44 + -3 + -1 - ((2 - 13) + 21)
30
-3691 - -3594 - (-2 + -97)
2
Calculate 50 - (33 + -69) - 40.
46
Calculate -11 + 43 + -26 - -18 - 59.
-35
What is 118 + (-42 + 61 - 85)?
52
10 - (21 + 7 - 46)
28
What is -143 + 154 - (107 + -17)?
-79
23 + -1 - (5 + -12) - (0 + 5)
24
What is the value of 45 - (91 + 3) - -48?
-1
2 - 18 - (825 - 808)
-33
Evaluate (-69 - -52) + (22 - 8) + -16.
-19
Evaluate -1 - -8 - ((-45 - 27) + 90).
-11
What is -17 + 0 + (-37 - -34 - -11 - -18)?
9
What is (3 + 6 - (-10 - -8)) + 32 + -60?
-17
Calculate (91 - 5) + (-66 - (-78 - -30)).
68
(-5 - -2) + 77 + (-13 - -35 - 32)
64
Calculate -44 + (-64 - 9 - -144).
27
Calculate -15 + (20 - -9) - (-24 - -56) - 22.
-40
0 + -11 - (-5 + 4) - (-223 - -213)
0
Evaluate -10 + 8 - (-46 + 51 + 8).
-15
-13 - (17 - (-12 - -11 - -30))
-1
What is 27 + -30 + -29 - -19 - -48?
35
What is the value of -38 + (49 - (-21 + 43))?
-11
-107 - (-32 - (52 - 18))
-41
What is -1 + (60 - -1) + -269 + (202 - -73)?
66
What is the value of 8 - (24 - 17 - (-8 - 15))?
-22
Evaluate -9 + -20 + 31 + 1 + 11.
14
What is 36 + (-89 - -29 - -92)?
68
What is the value of -4 - ((-167 - -147) + 1 + -22)?
37
What is 3 + (12 + (7 - 11) - -29) - (2 - -5)?
33
What is the value of (-6 - 17 - -21) + (-44 - -5 - (3 + 1))?
-45
What is the value of 50 - (-33 - -22) - 48?
13
What is the value of 32 - -15 - (-10 - 48 - -25)?
80
What is 4 + -20 - -2 - (1734 + -1839)?
91
What is the value of -403 + 369 - (-35 - 1) - (1 + -2)?
3
Evaluate 3 - (-10 + 3) - ((-44 - (37 + -50)) + 176).
-135
4 + -3 + 8 + -6 + 15 + (-2 - -10)
26
Calculate (44 + -23 - 19) + (-5 - -40) + -7.
30
What is the value of -11 - ((-45 - (28 + -11 + 2 + -10)) + 1)?
42
Calculate (-15 - 23) + 138 - 53.
47
Evaluate (157 - 69) + -68 + (0 - -35).
55
What is -16 - ((-14 + 13 - 19) + (-24 - -69))?
-41
Evaluate (11 + -59 - -32) + 32.
16
What is the value of 38 + -53 - (4 + (1 - 1))?
-19
Evaluate 0 + -1 + (4 - 5) - (-14 - (-21 + 48)).
39
Calculate (4 - 1 - (355 + -333)) + -22.
-41
Evaluate -11 - (-36 + 42 + 35 + 27).
-79
What is the value of (72 - (13 - -21)) + -9 - (10 + -2)?
21
Calculate -10 + (4 - -11) + -11 + 14 + (-1 - -2).
9
Evaluate (-83 - -50) + 25 - -73.
65
Calculate 1 + -14 + -116 + 114 + (-3 - (-11 + -113)).
106
Calculate -1 + 55 - (-714 - -753) - -27.
42
Evaluate 5 - ((2 - 31) + -309 + 324).
19
Evaluate (8 + -20 - 12) + 4 + -5 + 13.
-12
What is the value of -2 + 30 + 1 + (-1024 - -1017 - (0 + -20))?
42
Evaluate -13 - (17 + -27) - -73 - (5 - 3).
68
Evaluate -28 - ((-77 - -11) + 27).
11
-92 - (90 - 34 - 148)
0
Evaluate 132 + -42 + -110 + (-1 - -95).
74
What is the value of -65 - (13 + (14 - (7 + -5)) + -20) - 7?
-77
(43 - (-30 + -3) - 4) + 10
82
Evaluate (-209 - -283 - (21 - 5)) + 6.
64
Evaluate -15 + (21 - -20) + -2 - 63.
-39
-10 - ((-3 - ((-22 - -2) + 9)) + -15 - 69)
66
What is the value of 47 - (146 - (-72 - -21 - -34))?
-116
Calculate 6 - (-1 + 2 + (-9 - (-5 + -22 + 16))).
3
What is the value of 37 - (9 - (-10 - 28))?
-10
What is 31 + (-2 - (3 - 1)) + (-101 - (22 - 127))?
31
4 + 13 + 1207 + -1252
-28
Calculate 16 + (40 - (-14 + 37 + 7)).
26
Evaluate -11 - (3 + 0 + 24 + 5 + (-12 - -14)).
-45
-41 + -4 + 57 - -29
41
Evaluate 1 - 29 - (-26 - (17 - (25 + (-10 - -24)))).
-24
What is (69 + -9 - -7) + -36?
31
What is the value of -15 + 2 + (10 + -12 + -6 - -15) + -41?
-47
4411 + -4405 - (1 + -10 + -3)
18
Evaluate 17 - (5 - (16 + 16) - -12).
32
Evaluate -29 - (-67 + (-45 - -72)).
11
Calculate -75 - (98 + -117 + (5 - 0)).
-61
What is 248 + (-31 - (-114 - -214))?
117
-58 - -18 - (7 + -2 + -2) - -3
-40
What is the value of -4 + 16 + -18 + -16 + 16 + 10 + -3?
1
Calculate -27 - (-11 + 3 + (18 - 17) + 14).
-34
Calculate 91 + 10 + (-20 - (34 + -43 + 20)).
70
-3 + (-4 - 25) + (199 - 213)
-46
Calculate 63 - (-22 + (40 - -98)).
-53
46 + 57 + -104 + 13
12
Calculate -11 + (34 - 9) + 6 + 13 + -22.
11
Evaluate 31 + 1 + -348 + 196 + 49.
-71
Calculate 217 + -219 + 30 + (-40 - 1).
-13
Evaluate (-26 - (-76 - -149)) + 211.
112
What is the value of (1 - -23 - (197 + -182)) + (-5 + 2 - -15)?
21
What is the value of -32 - (62 - (22 + (-34 - -14)))?
-92
Calculate -14 + (103 - (48 - 8)).
49
What is the value of (0 - 6) + (-15 - 3) + 5 + -1?
-20
What is the value of -63 - -57 - (45 + -6)?
-45
What is the value of 11 + 39 + (-27 - -23 - 8)?
38
-10 + (1 - 0) - (17 + -40 + 3) - -11
22
What is the value of 2 + (-53 - 53 - -55)?
-49
-2 - (1 + 2) - (-40 + 119 - 25)
-59
What is -8 + 7 - -4 - -1 - (70 + (-4 - -1))?
-63
What is the value of -652 + 686 + (-75 - 3)?
-44
What is (-83 - 42) + (-11 - -92)?
-44
What is the value of 91 - 24 - (-104 + 109)?
62
101 - (158 + (7 - 108))
44
40 + 0 + (-1729 + 1689 - (0 - 39))
39
What is -17 + (-17 - -10) + 0 + 4 + 10 + 46?
36
What is the value of -3 + -8 + (7 - (8 - 1)) + 33 + 94?
116
Calculate 1 + 0 + -5 + (96 - 102 - (-9 + -8)).
7
Evaluate (2 - 0 - -5) + (-47 - -120) + -36 + 50.
94
(-5 - (-11 - -20) - -16) + (6 - -1) - -58
67
8 - -5 - (5 - (-27 - -19))
0
What is the value of -1 + (4 + 56 - 15)?
44
Calculate (-78 - (-72 + -71)) + -4 + (2 - 0 - 2).
61
Evaluate 755 + -750 - (-1 + 15).
-9
(-2212 - -2115) + (-2 - -67)
-32
Evaluate -40 + (-12 - -59) + 38.
45
Evaluate (116 + -107 - (-17 + -1)) + -8 + -3 + 9.
25
Evaluate (-8 - (-70 - -203)) + 74.
-67
-25 - (15 - 107 - -31)
36
Evaluate 8 - 52 - -3 - ((-44 - -53) + -17 + -1).
-32
-7 - ((0 + 10 - (154 - 135)) + 96)
-94
Calculate 28 + (9 - (-3 - 11) - 8).
43
(2784 - 2737) + 1 + 4
52
What is -9 + (-4 - 12) - (-33 - -13)?
-5
(45 - -2) + -1 + 12 - (6 - 22)
74
What is -7 + (-13 - -12) + -8 + 133 + (-7 - 1)?
109
Calculate -63 + (44 - (7 - 7)).
-19
-411 + 368 + 11 + 23
-9
-38 - (5 + -109 + 55)
11
Evaluate (0 - (-35 - 0)) + 511 + -526.
20
What is (0 - 21) + 171 - (-50 - -83)?
117
What is (1 - -49) + -3 + 1 + 1 + -3824 + 3827?
52
What is -23 - ((-18 - -9) + -4) - -7 - (-100 - -7)?
90
Calculate 1 + -2 - (3 + -5 - -4 - (-193 - -186)).
-10
What is -6042 + 6047 - (10 - (-4 - -2))?
-7
What is the value of 98 + -7 - (15 - -64)?
12
23 + -9 + -15 - 24 - -49
24
Evaluate (14 - 43) + (-8 - -91) - -20.
74
Evaluate -45 - (-8 + 13 + -14 - -23 - 10).
-49
What is -22 + -3 + -154 + 109 + (-18 - -12)?
-76
Calculate (34 - (-56 + 112)) + 96 + 1.
75
What is the value of (-5 + 16 - -10) + -17 + 15 + -4?
15
Calculate -17 + ((-18 + 8 - -30) + -11 - 9).
-17
Calculate -103 - (7 + 10 + (2 - (9 - -5 - 1))).
-109
-6 + (-180 + 187 - (-2 - 9)) - -3
15
Evaluate 3 - 1 - (1 - 22) - (-2 + 0).
25
What is the value of 2 - 25 - (-188 - (-180 - -93))?
78
Evaluate -35 - (1 + -46) - (-55 - (-3 + 0)) - 0.
62
2 - (-3 + 14 + -4 + -1 - -12)
-16
Evaluate (-53 - 3) + -18 + 47.
-27
What is (2 - 12) + (-8 + -13 - -58)?
27
What is -2253 - -2332 - (2 - -8 - 5)?
74
What is the value of 117 + -26 + 530 + -537?
84
What is the value of (143 + -213 - (0 - 6)) + (32 - 16 - 6)?
-54
What is the value of (-124 + -10 - -107) + 1 + 0 + -11?
-37
What is 50 + (-11 - 0 - ((13 - 71) + 36))?
61
What is -25 + (4 - 50 - -34) + 46?
9
106 + 15 + (7 + -9 - 29 - 2)
88
81 - 90 - -117 - 148
-40
Calculate 25 + (17 - -3 - 43) - -19 - -20.
41
Calculate (-2 + 8 - 55) + -4 + (-450 - -451).
-52
Calculate (22 - 51) + (-18 - -18)